{"id":263,"date":"2019-11-25T17:43:49","date_gmt":"2019-11-25T16:43:49","guid":{"rendered":"http:\/\/dia.log.free.fr\/?page_id=263"},"modified":"2024-03-22T12:18:22","modified_gmt":"2024-03-22T11:18:22","slug":"limage","status":"publish","type":"page","link":"http:\/\/dia.log.free.fr\/index.php\/limage\/","title":{"rendered":"La photographie: fabrique d&rsquo;images fixes"},"content":{"rendered":"\n<figure class=\"wp-block-image size-large\"><img loading=\"lazy\" width=\"724\" height=\"1024\" src=\"http:\/\/dia.log.free.fr\/wp-content\/uploads\/2024\/03\/DIA-LOG-atelier-photo-724x1024.jpg\" alt=\"\" class=\"wp-image-1160\" srcset=\"http:\/\/dia.log.free.fr\/wp-content\/uploads\/2024\/03\/DIA-LOG-atelier-photo-724x1024.jpg 724w, http:\/\/dia.log.free.fr\/wp-content\/uploads\/2024\/03\/DIA-LOG-atelier-photo-212x300.jpg 212w, http:\/\/dia.log.free.fr\/wp-content\/uploads\/2024\/03\/DIA-LOG-atelier-photo-768x1086.jpg 768w, http:\/\/dia.log.free.fr\/wp-content\/uploads\/2024\/03\/DIA-LOG-atelier-photo-1086x1536.jpg 1086w, http:\/\/dia.log.free.fr\/wp-content\/uploads\/2024\/03\/DIA-LOG-atelier-photo-1200x1697.jpg 1200w, http:\/\/dia.log.free.fr\/wp-content\/uploads\/2024\/03\/DIA-LOG-atelier-photo.jpg 1414w\" sizes=\"(max-width: 724px) 85vw, 724px\" \/><\/figure>\n\n\n\n<p> A l&rsquo;heure de la circulation des images et de leur d\u00e9ferlement dans notre quotidien, qu&rsquo;est ce que l&rsquo;enregistrement d&rsquo;une image&nbsp;?  Comment une image \u00ab\u00a0parle\u00a0\u00bb et comment on peut \u00ab\u00a0la faire parler\u00a0\u00bb.  Il s&rsquo;agit de se r\u00e9approprier la production d&rsquo;images en s&rsquo;arr\u00eatant sur <strong>le sens, la volont\u00e9, le d\u00e9sir et l&rsquo;envie de communiquer<\/strong>. Regarder autrement ce qui nous entoure par le prisme de l&rsquo;appareil photographique, du cadre de carton noir au r\u00e9flex num\u00e9rique en passant par le polaroid. <\/p>\n\n\n\n<figure class=\"wp-block-image size-large\"><img loading=\"lazy\" width=\"1024\" height=\"683\" src=\"http:\/\/dia.log.free.fr\/wp-content\/uploads\/2024\/03\/IMG_3630-copie-1-1024x683-1.jpg\" alt=\"\" class=\"wp-image-1161\" srcset=\"http:\/\/dia.log.free.fr\/wp-content\/uploads\/2024\/03\/IMG_3630-copie-1-1024x683-1.jpg 1024w, http:\/\/dia.log.free.fr\/wp-content\/uploads\/2024\/03\/IMG_3630-copie-1-1024x683-1-300x200.jpg 300w, http:\/\/dia.log.free.fr\/wp-content\/uploads\/2024\/03\/IMG_3630-copie-1-1024x683-1-768x512.jpg 768w\" sizes=\"(max-width: 709px) 85vw, (max-width: 909px) 67vw, (max-width: 1362px) 62vw, 840px\" \/><\/figure>\n\n\n\n<p>R\u00e9flexion sur ce que je d\u00e9cide de garder d&rsquo;une s\u00e9quence v\u00e9cue, de mon environnement proche, de la promenade qu&rsquo;op\u00e8re mon regard sur ce qui m&rsquo;entoure \u00e0 un instant T. <\/p>\n\n\n\n<p>\u00c9ducation aux images fixes, production de portraits photographiques, travail graphique sur la notion d&rsquo;identit\u00e9, reportage photographique. <\/p>\n\n\n\n<figure class=\"wp-block-gallery columns-2 is-cropped\"><ul class=\"blocks-gallery-grid\"><li class=\"blocks-gallery-item\"><figure><img loading=\"lazy\" width=\"567\" height=\"653\" src=\"http:\/\/dia.log.free.fr\/wp-content\/uploads\/2023\/03\/MG_8040-copie.jpg\" alt=\"\" data-id=\"1080\" data-full-url=\"http:\/\/dia.log.free.fr\/wp-content\/uploads\/2023\/03\/MG_8040-copie.jpg\" data-link=\"http:\/\/dia.log.free.fr\/index.php\/actualites\/mg_8040-copie\/\" class=\"wp-image-1080\" srcset=\"http:\/\/dia.log.free.fr\/wp-content\/uploads\/2023\/03\/MG_8040-copie.jpg 567w, http:\/\/dia.log.free.fr\/wp-content\/uploads\/2023\/03\/MG_8040-copie-260x300.jpg 260w\" sizes=\"(max-width: 567px) 85vw, 567px\" \/><figcaption class=\"blocks-gallery-item__caption\">Lightpainting avec les \u00e9l\u00e8ves de l&rsquo;\u00e9cole d&rsquo;\u00c9coyeux \/ CDA Saintes<\/figcaption><\/figure><\/li><li class=\"blocks-gallery-item\"><figure><img loading=\"lazy\" width=\"567\" height=\"587\" src=\"http:\/\/dia.log.free.fr\/wp-content\/uploads\/2023\/03\/MG_8041-copie.jpg\" alt=\"\" data-id=\"1081\" data-full-url=\"http:\/\/dia.log.free.fr\/wp-content\/uploads\/2023\/03\/MG_8041-copie.jpg\" data-link=\"http:\/\/dia.log.free.fr\/index.php\/actualites\/mg_8041-copie\/\" class=\"wp-image-1081\" srcset=\"http:\/\/dia.log.free.fr\/wp-content\/uploads\/2023\/03\/MG_8041-copie.jpg 567w, http:\/\/dia.log.free.fr\/wp-content\/uploads\/2023\/03\/MG_8041-copie-290x300.jpg 290w\" sizes=\"(max-width: 567px) 85vw, 567px\" \/><figcaption class=\"blocks-gallery-item__caption\">Lightpainting avec les \u00e9l\u00e8ves de l&rsquo;\u00e9cole d&rsquo;\u00c9coyeux \/ CDA Saintes<\/figcaption><\/figure><\/li><\/ul><\/figure>\n\n\n\n<figure class=\"wp-block-image size-large\"><img loading=\"lazy\" width=\"1024\" height=\"683\" src=\"http:\/\/dia.log.free.fr\/wp-content\/uploads\/2021\/04\/IMG_8155-1024x683.jpg\" alt=\"\" class=\"wp-image-783\" srcset=\"http:\/\/dia.log.free.fr\/wp-content\/uploads\/2021\/04\/IMG_8155-1024x683.jpg 1024w, http:\/\/dia.log.free.fr\/wp-content\/uploads\/2021\/04\/IMG_8155-300x200.jpg 300w, http:\/\/dia.log.free.fr\/wp-content\/uploads\/2021\/04\/IMG_8155-768x512.jpg 768w, http:\/\/dia.log.free.fr\/wp-content\/uploads\/2021\/04\/IMG_8155-1200x800.jpg 1200w\" sizes=\"(max-width: 709px) 85vw, (max-width: 909px) 67vw, (max-width: 1362px) 62vw, 840px\" \/><\/figure>\n\n\n\n<p>Apprentissage des diff\u00e9rents aspects techniques de l&rsquo;enregistrement photographique \u00e0 l&rsquo;aide d&rsquo;appareils photo r\u00e9flex num\u00e9rique, de compacts et polaroid : le zoom, le diaphragme, la vitesse, la sensibilit\u00e9, la lumi\u00e8re, le cadrage. Compr\u00e9hension des principaux param\u00e8tres : cadrage, fond, champ\/hors champ, positionnement du photographe\/volont\u00e9.<\/p>\n\n\n\n<p>\u00c9laboration d&rsquo;une \u00e9criture photographique du d\u00e9but \u00e0 la fin&nbsp;: choix, enregistrement, visionnage et s\u00e9lection des images. <\/p>\n\n\n\n<p>\u00ab&nbsp;Les citoyens sont devenus producteurs et diffuseurs de leurs images, en plus d\u2019\u00eatre des spectateurs. Les images et leurs circulations modifient en profondeur la dimension psychosociale de nos vies. Ainsi, dans le champ de la culture, que ce soit en tant que m\u00e9diateurs ou en tant qu\u2019artistes, nous nous devons de travailler avec les images, de faire travailler les images par les publics, de reconstruire ensemble un esprit critique contemporain.&nbsp;\u00bb Beno\u00eet Labourdette, cin\u00e9aste p\u00e9dagogue.  <\/p>\n","protected":false},"excerpt":{"rendered":"<p>A l&rsquo;heure de la circulation des images et de leur d\u00e9ferlement dans notre quotidien, qu&rsquo;est ce que l&rsquo;enregistrement d&rsquo;une image&nbsp;? Comment une image \u00ab\u00a0parle\u00a0\u00bb et comment on peut \u00ab\u00a0la faire parler\u00a0\u00bb. Il s&rsquo;agit de se r\u00e9approprier la production d&rsquo;images en s&rsquo;arr\u00eatant sur le sens, la volont\u00e9, le d\u00e9sir et l&rsquo;envie de communiquer. Regarder autrement ce &hellip; <a href=\"http:\/\/dia.log.free.fr\/index.php\/limage\/\" class=\"more-link\">Continuer la lecture<span class=\"screen-reader-text\"> de &laquo;&nbsp;La photographie: fabrique d&rsquo;images fixes&nbsp;&raquo;<\/span><\/a><\/p>\n","protected":false},"author":1,"featured_media":0,"parent":0,"menu_order":0,"comment_status":"closed","ping_status":"closed","template":"","meta":[],"_links":{"self":[{"href":"http:\/\/dia.log.free.fr\/index.php\/wp-json\/wp\/v2\/pages\/263"}],"collection":[{"href":"http:\/\/dia.log.free.fr\/index.php\/wp-json\/wp\/v2\/pages"}],"about":[{"href":"http:\/\/dia.log.free.fr\/index.php\/wp-json\/wp\/v2\/types\/page"}],"author":[{"embeddable":true,"href":"http:\/\/dia.log.free.fr\/index.php\/wp-json\/wp\/v2\/users\/1"}],"replies":[{"embeddable":true,"href":"http:\/\/dia.log.free.fr\/index.php\/wp-json\/wp\/v2\/comments?post=263"}],"version-history":[{"count":14,"href":"http:\/\/dia.log.free.fr\/index.php\/wp-json\/wp\/v2\/pages\/263\/revisions"}],"predecessor-version":[{"id":1176,"href":"http:\/\/dia.log.free.fr\/index.php\/wp-json\/wp\/v2\/pages\/263\/revisions\/1176"}],"wp:attachment":[{"href":"http:\/\/dia.log.free.fr\/index.php\/wp-json\/wp\/v2\/media?parent=263"}],"curies":[{"name":"wp","href":"https:\/\/api.w.org\/{rel}","templated":true}]}}

<figure class="wp-block-image size-large"><img loading="lazy" width="724" height="1024" src="http://dia.log.free.fr/wp-content/uploads/2024/03/DIA-LOG-atelier-photo-724x1024.jpg" alt="" class="wp-image-1160" srcset="http://dia.log.free.fr/wp-content/uploads/2024/03/DIA-LOG-atelier-photo-724x1024.jpg 724w, http://dia.log.free.fr/wp-content/uploads/2024/03/DIA-LOG-atelier-photo-212x300.jpg 212w, http://dia.log.free.fr/wp-content/uploads/2024/03/DIA-LOG-atelier-photo-768x1086.jpg 768w, http://dia.log.free.fr/wp-content/uploads/2024/03/DIA-LOG-atelier-photo-1086x1536.jpg 1086w, http://dia.log.free.fr/wp-content/uploads/2024/03/DIA-LOG-atelier-photo-1200x1697.jpg 1200w, http://dia.log.free.fr/wp-content/uploads/2024/03/DIA-LOG-atelier-photo.jpg 1414w" sizes="(max-width: 724px) 85vw, 724px" /></figure>



<p> A l&rsquo;heure de la circulation des images et de leur déferlement dans notre quotidien, qu&rsquo;est ce que l&rsquo;enregistrement d&rsquo;une image&nbsp;?  Comment une image « parle » et comment on peut « la faire parler ».  Il s&rsquo;agit de se réapproprier la production d&rsquo;images en s&rsquo;arrêtant sur <strong>le sens, la volonté, le désir et l&rsquo;envie de communiquer</strong>. Regarder autrement ce qui nous entoure par le prisme de l&rsquo;appareil photographique, du cadre de carton noir au réflex numérique en passant par le polaroid. </p>



<figure class="wp-block-image size-large"><img loading="lazy" width="1024" height="683" src="http://dia.log.free.fr/wp-content/uploads/2024/03/IMG_3630-copie-1-1024x683-1.jpg" alt="" class="wp-image-1161" srcset="http://dia.log.free.fr/wp-content/uploads/2024/03/IMG_3630-copie-1-1024x683-1.jpg 1024w, http://dia.log.free.fr/wp-content/uploads/2024/03/IMG_3630-copie-1-1024x683-1-300x200.jpg 300w, http://dia.log.free.fr/wp-content/uploads/2024/03/IMG_3630-copie-1-1024x683-1-768x512.jpg 768w" sizes="(max-width: 709px) 85vw, (max-width: 909px) 67vw, (max-width: 1362px) 62vw, 840px" /></figure>



<p>Réflexion sur ce que je décide de garder d&rsquo;une séquence vécue, de mon environnement proche, de la promenade qu&rsquo;opère mon regard sur ce qui m&rsquo;entoure à un instant T. </p>



<p>Éducation aux images fixes, production de portraits photographiques, travail graphique sur la notion d&rsquo;identité, reportage photographique. </p>



<figure class="wp-block-gallery columns-2 is-cropped"><ul class="blocks-gallery-grid"><li class="blocks-gallery-item"><figure><img loading="lazy" width="567" height="653" src="http://dia.log.free.fr/wp-content/uploads/2023/03/MG_8040-copie.jpg" alt="" data-id="1080" data-full-url="http://dia.log.free.fr/wp-content/uploads/2023/03/MG_8040-copie.jpg" data-link="http://dia.log.free.fr/index.php/actualites/mg_8040-copie/" class="wp-image-1080" srcset="http://dia.log.free.fr/wp-content/uploads/2023/03/MG_8040-copie.jpg 567w, http://dia.log.free.fr/wp-content/uploads/2023/03/MG_8040-copie-260x300.jpg 260w" sizes="(max-width: 567px) 85vw, 567px" /><figcaption class="blocks-gallery-item__caption">Lightpainting avec les élèves de l&rsquo;école d&rsquo;Écoyeux / CDA Saintes</figcaption></figure></li><li class="blocks-gallery-item"><figure><img loading="lazy" width="567" height="587" src="http://dia.log.free.fr/wp-content/uploads/2023/03/MG_8041-copie.jpg" alt="" data-id="1081" data-full-url="http://dia.log.free.fr/wp-content/uploads/2023/03/MG_8041-copie.jpg" data-link="http://dia.log.free.fr/index.php/actualites/mg_8041-copie/" class="wp-image-1081" srcset="http://dia.log.free.fr/wp-content/uploads/2023/03/MG_8041-copie.jpg 567w, http://dia.log.free.fr/wp-content/uploads/2023/03/MG_8041-copie-290x300.jpg 290w" sizes="(max-width: 567px) 85vw, 567px" /><figcaption class="blocks-gallery-item__caption">Lightpainting avec les élèves de l&rsquo;école d&rsquo;Écoyeux / CDA Saintes</figcaption></figure></li></ul></figure>



<figure class="wp-block-image size-large"><img loading="lazy" width="1024" height="683" src="http://dia.log.free.fr/wp-content/uploads/2021/04/IMG_8155-1024x683.jpg" alt="" class="wp-image-783" srcset="http://dia.log.free.fr/wp-content/uploads/2021/04/IMG_8155-1024x683.jpg 1024w, http://dia.log.free.fr/wp-content/uploads/2021/04/IMG_8155-300x200.jpg 300w, http://dia.log.free.fr/wp-content/uploads/2021/04/IMG_8155-768x512.jpg 768w, http://dia.log.free.fr/wp-content/uploads/2021/04/IMG_8155-1200x800.jpg 1200w" sizes="(max-width: 709px) 85vw, (max-width: 909px) 67vw, (max-width: 1362px) 62vw, 840px" /></figure>



<p>Apprentissage des différents aspects techniques de l&rsquo;enregistrement photographique à l&rsquo;aide d&rsquo;appareils photo réflex numérique, de compacts et polaroid : le zoom, le diaphragme, la vitesse, la sensibilité, la lumière, le cadrage. Compréhension des principaux paramètres : cadrage, fond, champ/hors champ, positionnement du photographe/volonté.</p>



<p>Élaboration d&rsquo;une écriture photographique du début à la fin&nbsp;: choix, enregistrement, visionnage et sélection des images. </p>



<p>«&nbsp;Les citoyens sont devenus producteurs et diffuseurs de leurs images, en plus d’être des spectateurs. Les images et leurs circulations modifient en profondeur la dimension psychosociale de nos vies. Ainsi, dans le champ de la culture, que ce soit en tant que médiateurs ou en tant qu’artistes, nous nous devons de travailler avec les images, de faire travailler les images par les publics, de reconstruire ensemble un esprit critique contemporain.&nbsp;» Benoît Labourdette, cinéaste pédagogue.  </p>

<p>A l&rsquo;heure de la circulation des images et de leur déferlement dans notre quotidien, qu&rsquo;est ce que l&rsquo;enregistrement d&rsquo;une image&nbsp;? Comment une image « parle » et comment on peut « la faire parler ». Il s&rsquo;agit de se réapproprier la production d&rsquo;images en s&rsquo;arrêtant sur le sens, la volonté, le désir et l&rsquo;envie de communiquer. Regarder autrement ce &hellip; <a href="http://dia.log.free.fr/index.php/limage/" class="more-link">Continuer la lecture<span class="screen-reader-text"> de &laquo;&nbsp;La photographie: fabrique d&rsquo;images fixes&nbsp;&raquo;</span></a></p>
